{"id":102,"date":"2025-07-10T23:12:12","date_gmt":"2025-07-10T23:12:12","guid":{"rendered":"https:\/\/bna.edu.mx\/facultadderecho\/?page_id=102"},"modified":"2025-08-14T19:09:26","modified_gmt":"2025-08-14T19:09:26","slug":"contacto","status":"publish","type":"page","link":"https:\/\/bna.edu.mx\/facultadderecho\/contacto\/","title":{"rendered":"Contacto"},"content":{"rendered":"<div id=\"cs-content\" class=\"cs-content\"><div class=\"x-section e102-e1 m2u-0 m2u-1\"><div class=\"x-row e102-e2 m2u-3 m2u-4 m2u-6\"><div class=\"x-row-inner\"><div class=\"x-col e102-e3 m2u-8 m2u-9 m2u-a\"><span class=\"x-image e102-e4 m2u-d m2u-e\"><img decoding=\"async\" src=\"https:\/\/bna.edu.mx\/bna.svg\" width=\"267\" height=\"150\" alt=\"Image\"><\/span><\/div><div class=\"x-col e102-e5 m2u-8 m2u-9 m2u-a m2u-b\"><div class=\"x-text x-text-headline e102-e6 m2u-g m2u-h h-responsive h-custom-headline\"><div class=\"x-text-content\"><div class=\"x-text-content-text\"><h1 class=\"x-text-content-text-primary\"><span class=\"h-sup\">&iexcl;CONOCE BNA!<\/span><br \/>\u00a1Formamos l\u00edderes que innovan el mundo del Derecho!<\/h1>\n<\/div><\/div><\/div><\/div><div class=\"x-col e102-e7 m2u-9 m2u-a\"><span class=\"x-image e102-e8 m2u-d m2u-f\"><img decoding=\"async\" src=\"https:\/\/bna.edu.mx\/facultadderecho\/wp-content\/uploads\/2025\/08\/BNA_71_PyD.webp\" width=\"512\" height=\"512\" alt=\"BNA - Barra Nacional de Abogados\"><\/span><\/div><\/div><\/div><\/div><div class=\"x-section e102-e9 m2u-0 m2u-2\" id=\"contacto\"><div class=\"x-row x-container max width e102-e10 m2u-4 m2u-5 m2u-7\"><div class=\"x-row-inner\"><div class=\"x-col e102-e11 m2u-9 m2u-c\"><span class=\"x-image e102-e12 m2u-d\"><img decoding=\"async\" src=\"https:\/\/bna.edu.mx\/bna-bco.svg\" width=\"267\" height=\"150\" alt=\"Image\"><\/span><div class=\"x-text x-text-headline e102-e13 m2u-h m2u-i h-responsive h-custom-headline\"><div class=\"x-text-content\"><div class=\"x-text-content-text\"><h2 class=\"x-text-content-text-primary\"><span class=\"h-sup\">BNA - Barra Nacional de Abogados<br \/><\/span><br \/>&iquest;Te Interesa Estudiar en BNA?<\/h2>\n<\/div><\/div><\/div><div class=\"x-text x-content e102-e14 m2u-j\"><span style=\"font-weight: 400;\">Llena nuestro formulario y un integrante de nuestro equipo de promoci\u00f3n se pondr\u00e1 en contacto contigo para brindarte toda la informaci\u00f3n que necesitas y resolver tus dudas.<\/span><\/div><\/div><div class=\"x-col e102-e15 m2u-9 m2u-a\"><div class=\"x-form-integration x-form-integration-embed e102-e16 m2u-k\"><div class='fluentform ff-default fluentform_wrapper_3 ffs_custom_wrap'><form data-form_id=\"3\" id=\"fluentform_3\" class=\"frm-fluent-form fluent_form_3 ff-el-form-top ff_form_instance_3_1 ff-form-loading ff_has_dynamic_smartcode ffs_custom\" data-form_instance=\"ff_form_instance_3_1\" method=\"POST\" ><fieldset  style=\"border: none!important;margin: 0!important;padding: 0!important;background-color: transparent!important;box-shadow: none!important;outline: none!important; min-inline-size: 100%;\">\n                    <legend class=\"ff_screen_reader_title\" style=\"display: block; margin: 0!important;padding: 0!important;height: 0!important;text-indent: -999999px;width: 0!important;overflow:hidden;\">BNA - Barra Nacional de Abogados<\/legend><input type='hidden' name='__fluent_form_embded_post_id' value='102' \/><input type=\"hidden\" id=\"_fluentform_3_fluentformnonce\" name=\"_fluentform_3_fluentformnonce\" value=\"54ca4bb878\" \/><input type=\"hidden\" name=\"_wp_http_referer\" value=\"\/facultadderecho\/wp-json\/wp\/v2\/pages\/102\" \/><div data-type=\"name-element\" data-name=\"names\" class=\" ff-field_container ff-name-field-wrapper\" ><div class='ff-t-container'><div class='ff-t-cell '><div class='ff-el-group ff-el-form-top'><div class=\"ff-el-input--label ff-el-is-required asterisk-right\"><label for='ff_3_names_first_name_' id='label_ff_3_names_first_name_' >Nombre<\/label><\/div><div class='ff-el-input--content'><input type=\"text\" name=\"names[first_name]\" id=\"ff_3_names_first_name_\" class=\"ff-el-form-control\" placeholder=\"Nombre (s)\" aria-invalid=\"false\" aria-required=true><\/div><\/div><\/div><div class='ff-t-cell '><div class='ff-el-group ff-el-form-top'><div class=\"ff-el-input--label ff-el-is-required asterisk-right\"><label for='ff_3_names_last_name_' id='label_ff_3_names_last_name_' >Apellidos<\/label><\/div><div class='ff-el-input--content'><input type=\"text\" name=\"names[last_name]\" id=\"ff_3_names_last_name_\" class=\"ff-el-form-control\" placeholder=\"Apellidos\" aria-invalid=\"false\" aria-required=true><\/div><\/div><\/div><\/div><\/div><div data-name=\"ff_cn_id_1\"  class='ff-t-container ff-column-container ff_columns_total_2 '><div class='ff-t-cell ff-t-column-1' style='flex-basis: 50%;'><div class='ff-el-group'><div class=\"ff-el-input--label ff-el-is-required asterisk-right\"><label for='ff_3_phone' id='label_ff_3_phone' aria-label=\"Celular\">Celular<\/label><\/div><div class='ff-el-input--content'><input name=\"phone\" class=\"ff-el-form-control ff-el-phone ff_el_with_extended_validation\" type=\"tel\" placeholder=\"Celular\" data-name=\"phone\" id=\"ff_3_phone\" inputmode=\"tel\"  aria-invalid='false' aria-required=true><\/div><\/div><\/div><div class='ff-t-cell ff-t-column-2' style='flex-basis: 50%;'><div class='ff-el-group'><div class=\"ff-el-input--label ff-el-is-required asterisk-right\"><label for='ff_3_email' id='label_ff_3_email' aria-label=\"Correo electr\u00f3nico\">Correo electr\u00f3nico<\/label><\/div><div class='ff-el-input--content'><input type=\"email\" name=\"email\" id=\"ff_3_email\" class=\"ff-el-form-control\" placeholder=\"Email\" data-name=\"email\"  aria-invalid=\"false\" aria-required=true><\/div><\/div><\/div><\/div><div class='ff-el-group'><div class=\"ff-el-input--label ff-el-is-required asterisk-right\"><label for='ff_3_dropdown' id='label_ff_3_dropdown' aria-label=\"Elige el programa de tu inter\u00e9s\">Elige el programa de tu inter\u00e9s<\/label><\/div><div class='ff-el-input--content'><select name=\"dropdown\" id=\"ff_3_dropdown\" class=\"ff-el-form-control  ff_has_multi_select\" data-name=\"dropdown\" data-calc_value=\"0\"  aria-invalid=\"false\" aria-required=\"true\" aria-labelledby=\"label_ff_3_dropdown\"><option value=\"Licenciatura en Derecho\"  >Licenciatura en Derecho<\/option><option value=\"Seminarios Pr\u00e1cticos\"  >Seminarios Pr\u00e1cticos<\/option><option value=\"Especialidad en la Ense\u00f1anza del Derecho\"  >Especialidad en la Ense\u00f1anza del Derecho<\/option><option value=\"Maestr\u00eda en Derecho Administrativo y Fiscal\"  >Maestr\u00eda en Derecho Administrativo y Fiscal<\/option><option value=\"Maestr\u00eda en Ciencias Penales y Criminal\u00edstica\"  >Maestr\u00eda en Ciencias Penales y Criminal\u00edstica<\/option><option value=\"Maestr\u00eda en Derecho Constitucional y Amparo\"  >Maestr\u00eda en Derecho Constitucional y Amparo<\/option><option value=\"Maestr\u00eda en Derecho Laboral y de la Seguridad Social\"  >Maestr\u00eda en Derecho Laboral y de la Seguridad Social<\/option><option value=\"Maestr\u00eda en Derecho Corporativo y Empresarial\"  >Maestr\u00eda en Derecho Corporativo y Empresarial<\/option><option value=\"Maestr\u00eda en Administraci\u00f3n y Direcci\u00f3n de Pymes\"  >Maestr\u00eda en Administraci\u00f3n y Direcci\u00f3n de Pymes<\/option><option value=\"Doctorado en Derecho\"  >Doctorado en Derecho<\/option><option value=\"Diplomados\"  >Diplomados<\/option><\/select><\/div><\/div><div class='ff-el-group  ff_list_3col'><div class=\"ff-el-input--label ff-el-is-required asterisk-right\"><label   aria-label=\"Per\u00edodo de inicio\">Per\u00edodo de inicio<\/label><\/div><div class='ff-el-input--content'><div class='ff-el-form-check ff-el-form-check-'><label class='ff-el-form-check-label'><input  type=\"radio\" name=\"input_radio\" data-name=\"input_radio\" class=\"ff-el-form-check-input ff-el-form-check-radio\" value=\"Enero\"  id='input_radio_471eb5d134016c7fc521509f9ec4069e' aria-label='Enero' aria-invalid='false' aria-required=true> <span>Enero<\/span><\/label><\/div><div class='ff-el-form-check ff-el-form-check-'><label class='ff-el-form-check-label'><input  type=\"radio\" name=\"input_radio\" data-name=\"input_radio\" class=\"ff-el-form-check-input ff-el-form-check-radio\" value=\"Mayo\"  id='input_radio_aaa0d59858f4cffaec3f9a454f7325de' aria-label='Mayo' aria-invalid='false' aria-required=true> <span>Mayo<\/span><\/label><\/div><div class='ff-el-form-check ff-el-form-check-'><label class='ff-el-form-check-label'><input  type=\"radio\" name=\"input_radio\" data-name=\"input_radio\" class=\"ff-el-form-check-input ff-el-form-check-radio\" value=\"Septiembre\"  id='input_radio_8b4da313de11b4cf91c0f8d388932b34' aria-label='Septiembre' aria-invalid='false' aria-required=true> <span>Septiembre<\/span><\/label><\/div><\/div><\/div><div class='ff-el-group  ff-custom_html' tabindex='-1' data-name=\"custom_html-3_1\" ><p><span style=\"color: #ffffff\">Barra Nacional de Abogados se compromete a proteger y respetar tu privacidad, y solo usaremos tu informaci\u00f3n personal para administrar tu cuenta y proporcionar los productos y servicios que nos solicitaste. De vez en cuando, nos gustar\u00eda ponernos en contacto contigo acerca de nuestros productos y servicios, as\u00ed como sobre otros contenidos que puedan interesarte. Si aceptas que nos comuniquemos contigo para este fin, marca la casilla a continuaci\u00f3n para indicar c\u00f3mo deseas que nos comuniquemos:<\/span><\/p><\/div><div class='ff-el-group    ff-el-input--content'><div class='ff-el-form-check ff-el-tc'><label aria-label='Acepto recibir otras comunicaciones de Barra Nacional de Abogados.' class='ff-el-form-check-label ff_tc_label' for=optin_249d0f3469cb26ba16aaa2c72ac19721><span class='ff_tc_checkbox'><input type=\"checkbox\" name=\"optin\" class=\"ff-el-form-check-input\" data-name=\"optin\" id=\"optin_249d0f3469cb26ba16aaa2c72ac19721\"  value='on' aria-invalid='false' aria-required=true><\/span> <div class='ff_t_c'><p>Acepto recibir otras comunicaciones de Barra Nacional de Abogados.<\/p><\/div><\/label><\/div><\/div><div class='ff-el-group  ff-custom_html' tabindex='-1' data-name=\"custom_html-3_2\" ><div class=\"hs-richtext\">\n<div class=\"hs-richtext\"><span style=\"color: #ffffff\"><span class=\"ff_dynamic_value\" data-ref=\"NAME\" data-fallback=\"\"><\/span> Puedes darte de baja de estas comunicaciones en cualquier momento. Para obtener m\u00e1s informaci\u00f3n sobre c\u00f3mo darte de baja, nuestras pr\u00e1cticas de privacidad y c\u00f3mo nos comprometemos a proteger y respetar tu privacidad, consulta nuestra Pol\u00edtica de privacidad.<\/span><\/div>\n<div class=\"hs-richtext\"><span style=\"color: #ffffff\">Al hacer clic en Enviar, aceptas que Barra Nacional de Abogados almacene y procese la informaci\u00f3n personal suministrada arriba para proporcionarte el contenido solicitado.<\/span><\/div>\n<\/div><\/div><div class='ff-el-group ff-text-left ff_submit_btn_wrapper'><button type=\"submit\" class=\"ff-btn ff-btn-submit ff-btn-md ff_btn_style\"  aria-label=\"Enviar\">Enviar<\/button><\/div><\/fieldset><\/form><div id='fluentform_3_errors' class='ff-errors-in-stack ff_form_instance_3_1 ff-form-loading_errors ff_form_instance_3_1_errors'><\/div><\/div>            <script type=\"text\/javascript\">\n                window.fluent_form_ff_form_instance_3_1 = {\"id\":\"3\",\"settings\":{\"layout\":{\"labelPlacement\":\"top\",\"asteriskPlacement\":\"asterisk-right\",\"helpMessagePlacement\":\"with_label\",\"errorMessagePlacement\":\"inline\",\"cssClassName\":\"\"},\"restrictions\":{\"denyEmptySubmission\":{\"enabled\":false}}},\"form_instance\":\"ff_form_instance_3_1\",\"form_id_selector\":\"fluentform_3\",\"rules\":{\"names[first_name]\":{\"required\":{\"value\":true,\"message\":\"Este campo es obligatorio\",\"global_message\":\"Este campo es obligatorio\",\"global\":true}},\"names[middle_name]\":{\"required\":{\"value\":false,\"message\":\"Este campo es obligatorio\",\"global_message\":\"Este campo es obligatorio\",\"global\":true}},\"names[last_name]\":{\"required\":{\"value\":true,\"message\":\"Este campo es obligatorio\",\"global_message\":\"Este campo es obligatorio\",\"global\":true}},\"phone\":{\"required\":{\"value\":true,\"global\":true,\"message\":\"Este campo es obligatorio\",\"global_message\":\"Este campo es obligatorio\"},\"valid_phone_number\":{\"value\":true,\"global\":true,\"message\":\"El n\\u00famero de tel\\u00e9fono no es v\\u00e1lido \",\"global_message\":\"El n\\u00famero de tel\\u00e9fono no es v\\u00e1lido \"}},\"email\":{\"required\":{\"value\":true,\"message\":\"Este campo es obligatorio\",\"global_message\":\"Este campo es obligatorio\",\"global\":true},\"email\":{\"value\":true,\"message\":\"Este campo debe contener un correo electr\\u00f3nico v\\u00e1lido\",\"global_message\":\"Este campo debe contener un correo electr\\u00f3nico v\\u00e1lido\",\"global\":true}},\"dropdown\":{\"required\":{\"value\":true,\"message\":\"Este campo es obligatorio\",\"global_message\":\"Este campo es obligatorio\",\"global\":true}},\"input_radio\":{\"required\":{\"value\":true,\"message\":\"Este campo es obligatorio\",\"global_message\":\"Este campo es obligatorio\",\"global\":true}},\"optin\":{\"required\":{\"value\":true,\"message\":\"Este campo es obligatorio\",\"global_message\":\"Este campo es obligatorio\",\"global\":true}}},\"debounce_time\":300};\n                            <\/script>\n            <\/div><\/div><\/div><\/div><\/div><\/div>\n","protected":false},"excerpt":{"rendered":"<p>&iexcl;CONOCE BNA!\u00a1Formamos l\u00edderes que innovan el mundo del Derecho! BNA &#8211; Barra Nacional de Abogados&iquest;Te Interesa Estudiar en BNA? Llena nuestro formulario y un integrante de nuestro equipo de promoci\u00f3n se pondr\u00e1 en contacto contigo para brindarte toda la informaci\u00f3n que necesitas y resolver tus dudas. BNA &#8211; Barra Nacional de AbogadosNombreApellidosCelularCorreo electr\u00f3nicoElige el programa de tu inter\u00e9sLicenciatura en DerechoSeminarios &#8230; <a href=\"https:\/\/bna.edu.mx\/facultadderecho\/contacto\/\" class=\"more-link\">Read More<\/a><\/p>\n","protected":false},"author":2,"featured_media":0,"parent":0,"menu_order":0,"comment_status":"closed","ping_status":"closed","template":"template-blank-4.php","meta":{"footnotes":""},"class_list":["post-102","page","type-page","status-publish","hentry","no-post-thumbnail"],"_links":{"self":[{"href":"https:\/\/bna.edu.mx\/facultadderecho\/wp-json\/wp\/v2\/pages\/102","targetHints":{"allow":["GET"]}}],"collection":[{"href":"https:\/\/bna.edu.mx\/facultadderecho\/wp-json\/wp\/v2\/pages"}],"about":[{"href":"https:\/\/bna.edu.mx\/facultadderecho\/wp-json\/wp\/v2\/types\/page"}],"author":[{"embeddable":true,"href":"https:\/\/bna.edu.mx\/facultadderecho\/wp-json\/wp\/v2\/users\/2"}],"replies":[{"embeddable":true,"href":"https:\/\/bna.edu.mx\/facultadderecho\/wp-json\/wp\/v2\/comments?post=102"}],"version-history":[{"count":6,"href":"https:\/\/bna.edu.mx\/facultadderecho\/wp-json\/wp\/v2\/pages\/102\/revisions"}],"predecessor-version":[{"id":316,"href":"https:\/\/bna.edu.mx\/facultadderecho\/wp-json\/wp\/v2\/pages\/102\/revisions\/316"}],"wp:attachment":[{"href":"https:\/\/bna.edu.mx\/facultadderecho\/wp-json\/wp\/v2\/media?parent=102"}],"curies":[{"name":"wp","href":"https:\/\/api.w.org\/{rel}","templated":true}]}}